37
Suppose 4*r - 116 = -4*k + 3*r, 3*r = 5*k - 128. Calculate the highest common factor of 364 and k.
28
Suppose -24 = -3*h - 6. Let d be (-20)/(-15)*(21 + -3). Let b = d + h. Calculate the greatest common factor of 20 and b.
10
Suppose 3*j - 5*j + 52 = 0. Calculate the greatest common factor of j and 26.
26
Suppose 3*x = 2*a - 24, -1 = -3*a - 2*x + 22. Let i = -30 + -168. Let q be (i/(-10))/((-5)/(-25)). What is the highest common factor of q and a?
9
Let v(s) = s**3 + 15*s**2 - 21*s + 1. Let m be v(-16). Let k be (18/(-8))/(1/(-12)). Calculate the highest common factor of m and k.
27
Suppose -t - 28 = -5*t. Suppose 5*x - 2 = 6*x. Let h = t + x. Calculate the highest common divisor of 2 and h.
1
Suppose q + 5*f = -q + 759, -5*q = 2*f - 1929. Let i = q - 227. Suppose v - 27 + 7 = 0. Calculate the highest common divisor of v and i.
20
Let a(y) = 32*y. Let v be a(1). Suppose 0*z = -2*z + v. What is the greatest common divisor of 16 and z?
16
Let v(l) = l**3 + 4*l**2 + 2*l + 2. Let b be v(-3). Suppose 4*h + b*c = c + 124, 4*h - 5*c = 115. Calculate the greatest common divisor of 5 and h.
5
Let m(k) = k**2 + 11*k + 8. Let a be m(-10). Let f(h) = -3*h**3 - h**2 + 2. Let s be f(a). What is the greatest common divisor of 11 and s?
11
Let z = 10 + 2. Suppose 2*l = z + 2. What is the highest common divisor of l and 7?
7
Suppose -8*y = -4*y - 304. Calculate the greatest common divisor of y and 19.
19
Let y = 24 + -26. Let z be (-1)/y - 210/(-12). Suppose -2*g - 630 = -7*g. What is the highest common factor of g and z?
18
Let d = 90 - 51. What is the greatest common divisor of 26 and d?
13
Let p(u) = -2*u - 16. Let g be p(-11). Let l = g - 4. Suppose -15 = -l*r + r. Calculate the greatest common factor of 30 and r.
15
Let w = 24 - 12. What is the highest common factor of 60 and w?
12
Let y(r) = -r**3 - r**2 - r - 87. Let q be y(0). Let i = q - -207. Suppose 0 = 5*c + 25, -3*k + 8*k - i = -4*c. What is the greatest common divisor of k and 7?
7
Let y = -6 + 6. Let u be (0 - 0)*1 - -6. Let o = y + u. What is the greatest common factor of 3 and o?
3
Suppose 22 = 3*q - q. Let u = 45 + q. Calculate the highest common factor of u and 8.
8
Let t = 87 - 47. Suppose 0 = -2*n + 41 + 79. Calculate the greatest common factor of t and n.
20
Let s be 3/(-1)*(-25)/15. Let p = 4 - s. Let x = p - -2. Calculate the highest common divisor of 4 and x.
1
Let n(y) = y**3 + 5*y**2 + 2*y + 3. Let g be n(-4). Let u(s) = 34*s - 15. Let o be u(4). What is the greatest common factor of g and o?
11
Suppose 9 + 3 = -j. Let g be ((-231)/12)/(3/j). Calculate the highest common divisor of 7 and g.
7
Let o(n) = -16*n + 3. Suppose -5*u - 36 = -u. Let f = u - -3. Let m be o(f). What is the greatest common divisor of m and 9?
9
Suppose 0 = -3*b + 63 + 54. What is the highest common divisor of b and 13?
13
Suppose 0 = 20*r - 9*r - 1386. Calculate the highest common divisor of 18 and r.
18
Suppose 20 = -g - 4*a - a, -a = -3*g + 20. Suppose 5*j = 3*j + 50. What is the highest common divisor of g and j?
5
Let m be (-666)/(-24) - 1/(-4). Let c be (-296)/(-7) + (-4)/14. Calculate the highest common factor of c and m.
14
Suppose 9*f = 13*f - 56. Calculate the greatest common factor of 14 and f.
14
Let d = 18 + -100. Let t = 138 + d. Calculate the highest common factor of t and 7.
7
Let c be ((-18)/4)/(18/(-120)). Let o be ((-5)/2 + 1)*-30. What is the greatest common divisor of c and o?
15
Let f(z) = -z**3 - 2*z**2 + 3*z + 2. Let c be f(-3). What is the greatest common divisor of 26 and c?
2
Let b(j) = 3*j - 10. Let q be b(4). Suppose -4*g + 160 = y + y, q*y + 3*g - 156 = 0. What is the highest common factor of 18 and y?
18
Suppose 0*l = -2*l - 24. Let j = -6 - l. Let w be (0 - (j - 3))*-9. What is the greatest common divisor of 3 and w?
3
Let n be (4 - 60/9)*-6. What is the greatest common factor of 176 and n?
16
Let x be (0 - 6)/((-1)/5). Let h = x + -12. Suppose -2*c + 48 = 2*c. What is the highest common divisor of c and h?
6
Let s(o) be the second derivative of o**5/20 + o**4/2 - 5*o**3/6 + 3*o**2 + 6*o. Let k be s(-6). Calculate the greatest common divisor of k and 24.
12
Let t = 136 + 74. Calculate the highest common divisor of t and 30.
30
Suppose -3*v - j = 8 - 49, -5*v + 4*j + 74 = 0. Calculate the greatest common factor of 98 and v.
14
Let b = 8 + -6. Suppose -4*w + 44 = -4*j, 2 = -4*j + 22. What is the greatest common divisor of w and b?
2
Let j(q) = -q**3 + 4*q**2 + 5*q + 5. Let u be j(5). Suppose c - 13 - u = 0. Suppose 90 = b - 108. Calculate the highest common factor of c and b.
18
Suppose -4*g - g + 15 = 0. Suppose g*i = -2*y + 134, 0 = -2*i + 3*i + 4*y - 28. Calculate the highest common factor of i and 6.
6
Suppose 13 = 3*k + 2*j, -4*k + 3*j = -4 - 2. Suppose -48 = -k*x - 12. Suppose -138 - 30 = -2*g. Calculate the highest common factor of x and g.
12
Suppose 5*v - 2*v - 4*i = 56, -v + 16 = -4*i. Let r be (v/12)/(2/48). Suppose 50 = 3*l + 2*l. What is the highest common divisor of l and r?
10
Suppose 4*i - 5*x = 178, 4*i + 5*x = 56 + 102. Let j = i - -21. Calculate the greatest common divisor of 9 and j.
9
Let x(u) = -u**3 + 4*u**2 + 6*u + 5. Let f be x(5). Let g be (-3 - -3) + 0 + f. Let z = -15 + 85. Calculate the highest common divisor of z and g.
10
Let b be 20/(-6) + 8/(-12). Let t = 12 + b. Calculate the highest common divisor of 64 and t.
8
Let a(u) = -u + 1. Let r be a(-3). Suppose 29 = 2*v + 9*h - 4*h, -4*h = -r. What is the highest common divisor of 84 and v?
12
Suppose 4*y - 2*y + 16 = 3*h, 2*h = -4*y. Suppose -6*u + 5*r = -3*u - 40, h*r = u - 4. What is the highest common factor of 5 and u?
5
Let l(w) = -11*w + 2. Let t be l(-2). Suppose -t = 3*v - 6*v. What is the greatest common divisor of 1 and v?
1
Let h be (2/4)/(1/22). Let m = h + -6. Suppose 2*t + m*p = 3*t - 80, 280 = 5*t + 5*p. Calculate the greatest common divisor of 24 and t.
12
Suppose 0 = -5*f + 38 + 32. Suppose 84 = j + j. Let w = j + -28. What is the highest common divisor of w and f?
14
Let s(y) = -22*y + 1. Let b be s(-2). Calculate the highest common divisor of b and 9.
9
Suppose i - 20 = -i. Let w be (-6)/9 - (-289)/51. What is the greatest common divisor of i and w?
5
Suppose 4*w - 36 = 4*a, -4*w + 5*a + 0 = -39. Calculate the highest common divisor of 66 and w.
6
Let d(c) = -c**2 - 8*c - 1. Let i be d(-11). Let v = i + 48. What is the highest common factor of 14 and v?
14
Suppose -t + 18 = t. Let y be (-4)/6 - (-24)/t. Suppose -4*c = -y*u + 20, -8*c + 3*c + 17 = u. What is the highest common divisor of u and 84?
12
Let l be 2/(-1) + 2 - 3. Let g be 12 + (l - -1) + -2. Let b(h) = 4*h + 7. Let x be b(g). Calculate the greatest common factor of 13 and x.
13
Suppose 0*g - 121 = -4*p + 5*g, 4*p - g - 101 = 0. What is the greatest common divisor of 16 and p?
8
Let i be (20/(-12) + -1)*-3. What is the greatest common divisor of 88 and i?
8
Let i(q) = q**2 - 6*q + 5. Let h be i(6). Let x(k) be the first derivative of 4*k**2 + 7*k - 1. Let n be x(6). What is the greatest common factor of n and h?
5
Let w be (-94)/18 + 4/18. Let m = w - -19. Let c be ((-11)/3 - -3)*-3. What is the highest common divisor of c and m?
2
Let a = 79 + -68. What is the highest common divisor of a and 99?
11
Let s(i) = 48*i**2 + 2*i - 1. Let u be s(1). Let g = 104 - u. Suppose -z = -2*z + 11. What is the greatest common factor of g and z?
11
Let h = 63 + -39. Calculate the greatest common divisor of h and 264.
24
Let r = 127 - 91. Let z be (105/(-12))/(-5)*r. Calculate the greatest common factor of 7 and z.
7
Suppose -2*y = -3*j + 8, 4*y + 14 = 4*j - 2. Let o(v) = -v**2 + 33. Let c be o(j). Calculate the highest common factor of c and 3.
3
Let v = -61 + 121. Suppose -w - 2*w = -v. Calculate the highest common factor of 50 and w.
10
Let l be -2*(0 + 99/6). Let m be (l - 0)/((-9)/6). What is the highest common factor of m and 22?
22
Suppose -8 = -w - 3*w. Suppose 0 = z - 0 - 2, -c = -w*z - 2. Suppose 0 = -3*m + c*m - 120. What is the greatest common divisor of m and 5?
5
Let w be (-5)/(15/(-6))*6. Suppose 5*u = 3*u + 24. Calculate the highest common divisor of w and u.
12
Let k = 127 - 64. What is the highest common factor of k and 7?
7
Let l(m) = m + 45. Let o be l(-17). Calculate the greatest common factor of o and 70.
14
Let 